ber?
False
Is 163721319 a prime number?
False
Is 109160069 a prime number?
True
Is 18527303 prime?
True
Is 66049537 prime?
False
Is 546317 a prime number?
True
Is 3839006 composite?
True
Is 5128673 prime?
False
Is 20363 prime?
False
Is 1639271 a prime number?
True
Is 47449049 composite?
True
Is 101517017 a composite number?
True
Is 10932017 a prime number?
False
Is 129625841 a composite number?
True
Is 4495493 prime?
False
Is 1593323 prime?
True
Is 81052427 prime?
True
Is 9736397 a composite number?
True
Is 24850153 prime?
True
Is 173427701 prime?
True
Is 14095951 a prime number?
False
Is 3392647 composite?
True
Is 12119443 prime?
False
Is 17246857 a composite number?
True
Is 1357661 prime?
True
Is 396044489 composite?
False
Is 3503174 a composite number?
True
Is 5644601 a composite number?
False
Is 1006157 composite?
True
Is 14342201 a composite number?
True
Is 37451857 a composite number?
True
Is 72122987 composite?
False
Is 381183785 a composite number?
True
Is 23544277 a composite number?
False
Is 105071 prime?
True
Is 29034149 prime?
True
Is 467900957 composite?
False
Is 89433937 prime?
False
Is 1404257 prime?
True
Is 302113549 composite?
False
Is 14052017 prime?
False
Is 46931513 a prime number?
True
Is 1907407 a prime number?
False
Is 675713 a prime number?
True
Is 11887373 a prime number?
True
Is 99139217 composite?
True
Is 22787507 prime?
True
Is 49013 a composite number?
True
Is 747825553 a prime number?
True
Is 17255881 prime?
True
Is 16057623 composite?
True
Is 127456559 prime?
True
Is 7389181 prime?
True
Is 29706461 prime?
False
Is 41510153 prime?
True
Is 73177991 a prime number?
False
Is 73265183 prime?
False
Is 8985533 a composite number?
True
Is 9180641 a composite number?
False
Is 8985751 composite?
False
Is 228290537 prime?
True
Is 11823067 a prime number?
False
Is 7094231 composite?
False
Is 240365009 a composite number?
False
Is 1692797 a prime number?
False
Is 3016171 a composite number?
False
Is 23680858 prime?
False
Is 239680659 composite?
True
Is 343210919 prime?
False
Is 2169133 prime?
True
Is 18667963 prime?
True
Is 42910237 composite?
False
Is 239231 composite?
False
Is 2931118 composite?
True
Is 26110459 a composite number?
False
Is 27390835 composite?
True
Is 270899 composite?
False
Is 29750509 a prime number?
False
Is 5882923 a prime number?
True
Is 6087307 a prime number?
True
Is 113118961 a prime number?
True
Is 46324781 a composite number?
False
Is 2577093 a composite number?
True
Is 386168626 prime?
False
Is 12371111 a composite number?
True
Is 195923393 a prime number?
True
Is 1742453 composite?
False
Is 36182413 prime?
False
Is 5908709 a composite number?
True
Is 43534811 composite?
True
Is 496932181 a prime number?
False
Is 173399059 a prime number?
False
Is 41030411 a composite number?
False
Is 8395085 a composite number?
True
Is 22071337 prime?
False
Is 79635923 a composite number?
False
Is 37016359 a prime number?
False
Is 228144823 composite?
False
Is 547959 prime?
False
Is 74743373 a prime number?
False
Is 151147559 a prime number?
False
Is 35189423 prime?
True
Is 394694359 composite?
True
Is 2803835 composite?
True
Is 138151 a composite number?
True
Is 88161571 a prime number?
True
Is 255969029 composite?
False
Is 119998859 composite?
False
Is 10668947 prime?
True
Is 53839199 a composite number?
False
Is 9034007 a prime number?
True
Is 54121 a composite number?
False
Is 165585257 a composite number?
True
Is 86087497 composite?
False
Is 262391 a prime number?
True
Is 37405811 prime?
True
Is 50981287 a prime number?
False
Is 8558969 a composite number?
True
Is 12943963 prime?
False
Is 58254403 composite?
False
Is 57023039 a prime number?
True
Is 8090197 a prime number?
True
Is 15068167 prime?
False
Is 177966991 composite?
True
Is 11025737 a composite number?
True
Is 1889957 prime?
True
Is 74596297 a composite number?
False
Is 456629 a composite number?
True
Is 95510873 a prime number?
False
Is 18300487 prime?
False
Is 69903671 prime?
True
Is 7259663 prime?
False
Is 4798513 a composite number?
True
Is 308905 prime?
False
Is 51196663 a prime number?
False
Is 1975769 prime?
False
Is 1902757 prime?
True
Is 40422943 prime?
False
Is 10010981 a prime number?
False
Is 1637206 a composite number?
True
Is 25474342 a composite number?
True
Is 98027009 composite?
True
Is 43562489 composite?
False
Is 26110207 a composite number?
False
Is 117499037 a prime number?
True
Is 4586149 a prime number?
True
Is 3713561 a prime number?
True
Is 8085473 a prime number?
False
Is 725579 composite?
False
Is 5108189 prime?
True
Is 26501039 a composite number?
False
Is 68445409 prime?
True
Is 3229349 a composite number?
False
Is 117132481 prime?
False
Is 13520719 composite?
False
Is 6031547 a prime number?
True
Is 34113363 prime?
False
Is 249763 prime?
True
Is 9851727 prime?
False
Is 133372069 a composite number?
True
Is 17352169 prime?
False
Is 81394763 composite?
False
Is 232162091 a composite number?
True
Is 23767019 a composite number?
True
Is 6152701 prime?
True
Is 12579533 a prime number?
False
Is 5111321 a prime number?
False
Is 43164895 a composite number?
True
Is 4962911 a composite number?
False
Is 784801 a composite number?
True
Is 1231511 a prime number?
True
Is 7068541 a prime number?
False
Is 49524177 composite?
True
Is 167592043 composite?
False
Is 37720439 a composite number?
False
Is 141288817 a prime number?
False
Is 116771 a prime number?
False
Is 5071873 composite?
False
Is 2056573 composite?
False
Is 883391 a prime number?
True
Is 31444901 composite?
False
Is 601274239 a composite number?
False
Is 192783839 prime?
True
Is 818563 composite?
True
Is 693871 a composite number?
False
Is 387281599 prime?
False
Is 93458285 a prime number?
False
Is 10707281 composite?
True
Is 31832521 a composite number?
True
Is 6548207 composite?
False
Is 2218999 a prime number?
True
Is 23157839 a composite number?
False
Is 10732751 composite?
False
Is 55858913 a composite number?
True
Is 13049 composite?
False
Is 11830573 composite?
False
Is 1659202 prime?
False
Is 18386449 a composite number?
False
Is 13588381 a prime number?
False
Is 2261353 a prime number?
True
Is 437846 prime?
False
Is 644732813 prime?
True
Is 28590791 prime?
True
Is 299824931 prime?
False
Is 2472317 prime?
True
Is 331110519 a composite number?
True
Is 108748109 a prime number?
True
Is 5199299 composite?
True
Is 1214834 composite?
True
Is 4989337 prime?
True
Is 3443317 composite?
False
Is 6963991 prime?
False
Is 337699 prime?
False
Is 3847019 prime?
False
Is 3686699 a composite number?
True
Is 14194454 prime?
False
Is 3622791 composite?
True
Is 42628067 a prime number?
True
Is 300253111 composite?
False
Is 997495 a composite number?
True
Is 331948693 a composite number?
True
Is 13074611 composite?
True
Is 244725697 prime?
True
Is 5246173 prime?
True
Is 244251437 prime?
True
Is 2336333 composite?
False
Is 31894417 prime?
True
Is 827293 a prime number?
True
Is 7460419 prime?
True
Is 753088223 composite?
False
Is 1062251 prime?
True
Is 22056269 composite?
True
Is 894117959 a composite number?
True
Is 1087517 composite?
False
Is 55754051 prime?
True
Is 506906915 prime?
False
Is 7688143 composite?
False
Is 53776159 a prime number?
False
Is 9738097 a composite number?
True
Is 4676933 a composite number?
True
Is 457139 a prime number?
True
Is 7349 composite?
False
Is 8501 composite?
False
Is 55157591 a prime number?
False
Is 49892401 a composite number?
True
Is 2377673 prime?
True
Is 16864139 prime?
True
Is 19164239 a composite number?
False
Is 2111677 a composite number?
False
Is 391946447 prime?
False
Is 6276761 a prime number?
False
Is 914777 prime?
True
Is 341273381 a prime number?
False
Is 40555001 a prime number?
False
Is 39184087 a prime number?
False
Is 2940979 a composite number?
True
Is 3137003 composite?
False
Is 5763143 composite?
False
Is 63059939 a composite number?
True
Is 106921 a prime number?
True
Is 452051 composite?
True
Is 1723207 composite?
True
Is 255760669 a composite number?
True
Is 8141843 composite?
True
Is 35350067 a prime number?
True
Is 1007268841 prime?
True
Is 314896433 prime?
True
Is 106595497 prime?
True
Is 552581 a composite number?
False
Is 11605691 composite?
True
Is 473549 prime?
True
Is 2914687 composite?
False
Is 13039253 com